 be (-5 - -5)/(5 + -5 - -2). Suppose b = -34*y + 634 + 30952. List the prime factors of y.
929
Suppose 4*l + 248 = -w, -3*w + 3*l - 441 = -w. Let a be ((-216)/(-15))/(7/(-70)). Let d = a - w. List the prime factors of d.
2, 3, 7
Let t be (4 - -2)*(-10)/(-30). Suppose 15 = -3*d, 0*h - t*h + 2*d = -22. List the prime factors of 107 - -3*(-1 + h/3).
2, 5, 11
Let s = -13733 - -20517. What are the prime factors of s?
2, 53
Let j = 1 - 6. Let n(d) = -4*d**2 + 0*d**2 - d**2 + d + 3*d**3 - 5*d**3. List the prime factors of n(j).
2, 3, 5
Let g(m) = -21*m**2 - 2*m - 1. Let c be g(-1). Suppose -4*n + 8 = -4*j, 2*n + 6*j - 4 = 4*j. What are the prime factors of (8*c)/(-1) - n?
2, 79
Let v = 143 + -151. Let h be (v/(-32))/((-2)/(-16)). Suppose h*y = -7*y + 18. What are the prime factors of y?
2
Let a be -13 + (2/3 - 5/3). Let v(k) = 3*k + 20. Let z be v(a). Let r = z + 80. What are the prime factors of r?
2, 29
Let a(s) = s**2 - 8*s + 19. Let u be a(5). Suppose -3*m + 5 = -k - 9, -u*k = 3*m - 4. What are the prime factors of (2/m)/(6/1308) + -2?
107
Let p be (-46)/(-8) - 2/(-8). List the prime factors of 2*(-348)/(-16) - (-9)/p.
3, 5
Let x(c) = 2*c**2 + 5*c - 20. Let g = 171 + -162. List the prime factors of x(g).
11, 17
Let z = 305 - 193. Let u be (20*8)/(22/33). Let l = u - z. List the prime factors of l.
2
Let c be (-7 - (-174)/24) + 55/4. Let f be (-1)/(18/(-6) - c/(-5)). Suppose q = 3*g + 37, -5*g + 83 = f*q - 182. List the prime factors of q.
7
Let v = -109 + 183. Let c(p) = -3*p**2 + 23*p + 10. Let h be c(8). Suppose 0 = o + h*q - 36, q = 2*o + 4*q - v. What are the prime factors of o?
2, 5
Suppose 0 = 4*s - 4*t - 12, -s + 4*t = -5*s + 12. Let r be -18*(-3)/(24/(-68)). What are the prime factors of r/(-6 + s - (-9)/6)?
2, 3, 17
Let c(h) = -533*h**2 + h - 3. Let y(d) = 1067*d**2 - 2*d + 7. Let n(u) = -9*c(u) - 4*y(u). What are the prime factors of n(-1)?
23
Let v be ((-22)/11 - -2*8) + 3. Suppose 5*l - 43 = v. Suppose 3*i = l + 15. List the prime factors of i.
3
Let u(c) = -16*c - 1. Let p be u(-10). Suppose 15 + p = 3*s. What are the prime factors of s?
2, 29
Let b be (-36)/45 - 18/(-10). Let i(k) = -b + 20 + 11 + k**2 - 48*k + 31*k. What are the prime factors of i(17)?
2, 3, 5
Let l(r) = 7*r**2 + 6*r + 2. Let n(y) = -y + 59. Let z be n(-26). Let q = 90 - z. List the prime factors of l(q).
3, 23
Let w be 15/(-6*6/(-12)). Suppose 9046 = w*g - 4*x, -2*x - 1565 = 4*g - 8781. What are the prime factors of g?
2, 3, 7, 43
Let p(j) = 8*j**2 + 4*j - 21. Let v be p(6). List the prime factors of ((-30)/(-9))/((-1)/v*-2).
5, 97
Suppose -9*r - 5310 + 819 = 0. Let c = 1230 + r. List the prime factors of c.
17, 43
Let m = 389 + 123. List the prime factors of m.
2
Let l(m) = -5*m**2 + 5*m + 43. Let j(k) = -14*k**2 + 14*k + 117. Let q(x) = -4*j(x) + 11*l(x). Let h be (8/6)/((-2)/(-9)). What are the prime factors of q(h)?
5, 7
Let f = 53 - 50. Let l(w) = 21*w**2 + 2. Let t be l(-3). Suppose f*m - t = 2*m. List the prime factors of m.
191
Let p be (12/9)/((-5)/(-15)). Suppose 0 = -p*j + 20, j + 3624 = 4*h + 5*j. What are the prime factors of h?
17, 53
Suppose 82*y - 83*y + 58899 = -3*f, -117794 = -2*y + 2*f. What are the prime factors of y?
2, 3, 409
Let c(m) = m**2 - 9*m**3 - 6*m**2 - 20*m**3 + 35*m**3 + 9*m + 0*m**2 - 15. List the prime factors of c(5).
5, 131
Suppose 5*i + y = 38871 - 272, 0 = 3*y + 3. List the prime factors of i.
2, 5, 193
Let k(b) be the first derivative of 8 + 7*b + 2/3*b**3 + 1/2*b**2. List the prime factors of k(0).
7
Suppose -6*z - 9*z = 3690. Let m = z - -456. List the prime factors of m.
2, 3, 5, 7
What are the prime factors of (3 - 7)/(-6 - (-111020)/18505)?
2, 3701
Let g = 45 + -43. Suppose 14*f = g*f - 612. What are the prime factors of -36*(f/12 - -2)?
3
Let m = -77 - -78. Let i be -3*(-2 + m + (4 - 4)). Suppose -2 = -i*t + 64. What are the prime factors of t?
2, 11
Suppose 5*w = 2*b + 35 + 28, -27 = -w + 4*b. Suppose 8*h + 1014 = w*h. List the prime factors of h.
2, 13
Let m be (-21 - -22)*(1 - 0). List the prime factors of (0 - 5) + (189 - 1 - m).
2, 7, 13
Let l = -2122 - -2991. Suppose 0 = -3*q + y + 414 + 2143, q + 3*y - l = 0. List the prime factors of q.
2, 7, 61
Let m(t) = 8*t + 7. Let c(p) = 5*p + 6. Let y(b) = -7*c(b) + 5*m(b). Suppose -2*q = -q - 10. List the prime factors of y(q).
43
Suppose 38020 = m - 2*o, 3*m + 478*o = 482*o + 114076. List the prime factors of m.
2, 37, 257
Suppose -4*i = -3*q + 5 - 2, -5*q = -5. Let b be (i + 1*66)/(3/2). Suppose -5*m + 7*m - b = 0. What are the prime factors of m?
2, 11
Let d = 11 + -32. Let l(k) = -k**2 - 36*k + 48. What are the prime factors of l(d)?
3, 11
Let k be 1 + 1 - 508/4*-1. Let x be ((-4558)/k)/(1/9 - 0). List the prime factors of -1 + x/((-9)/3).
3, 5, 7
Let t(d) = 82*d + 47. Let w(h) = 4. Let j(f) = -t(f) + 5*w(f). List the prime factors of j(-6).
3, 5, 31
Suppose 774*q - 712*q = 1063548. List the prime factors of q.
2, 3, 953
Let r(q) = 14613*q**2 - 72*q + 61. List the prime factors of r(1).
2, 7, 149
Let f(g) = -9*g - 11. Let n be f(-6). Let d be (1 - -188) + 7*15/35. Let y = n + d. List the prime factors of y.
5, 47
Let m = 41 + -47. List the prime factors of m/21 - (-20871)/63.
331
Let x(t) = 6*t**2 + 61*t - 1592. What are the prime factors of x(34)?
2, 3709
Let w(u) = 56*u**2 - 39*u + 66. What are the prime factors of w(-13)?
10037
Let b(c) = -151*c**3 - 27*c**2 - 91*c + 9. What are the prime factors of b(-4)?
5, 17, 113
Let q be 1 + -5 + -931 + -1. Let t = -560 - q. Let o = -265 + t. List the prime factors of o.
3, 37
Suppose 3*r = -0*r + 5*u + 115905, 0 = 3*r - 2*u - 115923. What are the prime factors of r?
5, 59, 131
Let f(o) = 9*o**2 - 85*o - 210. Let w(b) = -5*b**2 + 42*b + 103. Let v(a) = 3*f(a) + 5*w(a). List the prime factors of v(34).
23, 29
Suppose p = 5*j + 15727, -3*j + 14596 + 32621 = 3*p. What are the prime factors of p?
15737
What are the prime factors of (-4 + 7)/(110/134750)?
3, 5, 7
Let z = 41926 - 27568. List the prime factors of z.
2, 3, 2393
Let w be (-5)/30 + 267/(-18). Let i be -1*(-5)/w*9. List the prime factors of 1/3 - 125/i.
2, 3, 7
Suppose 279 = -4*z + 51. Let o = -108 + 180. Let r = o - z. What are the prime factors of r?
3, 43
What are the prime factors of (-7 + 8)/(60/2548380)?
42473
Suppose -585*h - 15684 = -4*c - 590*h, -3*c + 11756 = 2*h. What are the prime factors of c?
2, 11, 89
Let c = 60 - 50. Suppose -6 = -4*x - c. What are the prime factors of 1 + (-219)/x + -1?
3, 73
Let d(j) = 94*j**2 + 4*j + 90. What are the prime factors of d(-11)?
2, 5, 571
Suppose -33016 = 6*g + 219026. What are the prime factors of 1/(g/(-7000) - 6)?
2, 5
Let h be (24/9 - 2)/((-20)/(-90)). Let j be (-2)/(-4) + (-818)/4. What are the prime factors of 136/j + ((-188)/h)/(-1)?
2, 31
Let t be (-4949)/(-35) + 4/(-10). Let g = t - -469. Suppose 5*o - g = -5. What are the prime factors of o?
11
Suppose 115 - 22 = u. Suppose 4*n + u - 9 = 0. Let j = 32 + n. List the prime factors of j.
11
Let b = -16772 - -31407. What are the prime factors of b?
5, 2927
Let f = -184 + 170. List the prime factors of (8/(-7))/(f/343).
2, 7
Suppose -288 = w - 3*w. Let d = 242 - w. Suppose d = 4*h - 30. What are the prime factors of h?
2
Suppose 15080 = u + 4*t, 2*u + 821*t - 825*t - 30124 = 0. List the prime factors of u.
2, 3767
Let f(y) = 7*y**2 + 6*y + 24. Suppose -40 = 98*s - 93*s. Let k be f(s). Suppose -114 = -x - 3*b, -2*x - 2*x + 4*b + k = 0. What are the prime factors of x?
2, 3
Let g = -21130 + 33465. List the prime factors of g.
5, 2467
Suppose -29*b - 52*b = -147015 - 108540. List the prime factors of b.
5, 631
Let n(x) = x**2 + 7*x + 16. Let h be n(-3). Let k be ((-15)/10 + 2)/(2/h). What are the prime factors of (-1)/2 - k/(8/(-1708))?
3, 71
Let p = -7064 + 21165. What are the prime factors of p?
59, 239
Suppose -5*n = -l - 637, -n - 2*l = 2*n - 377. Suppose -5*k = -15*k - 10. What are the prime factors of (n + k)/((-18)/(-4) - 3)?
2, 3, 7
Let m(g) = 11*g**2 + 73*g + 8. Let p(q) = q**2 - q - 1. Let n(k) = m(k) - 5*p(k). What are the prime factors of n(-19)?
17, 41
Suppose 3*g = 4*v + 14, -8*g + 26 = -7*g + 4*v. Suppose -a = g*a - 3003. What are the prime factors of a?
3, 7, 13
Let z(v) = v**3 - 23*v**2 - 28*v + 62. Let l = -293 - -318. List the prime factors of z(l